lue of 11 - ((36 - 10) + -6)?
-9
35 + (-9 - (5 - 0))
21
17 - (4 + 0 + -3) - -1
17
What is the value of 0 + -4 + -10 + 23?
9
What is the value of -1 + 0 + -9 - (-14 + 5)?
-1
14 + 1 - ((-1 - -11) + -202 + 189)
18
-5 + -12 + (-5 - -39 - -12)
29
Calculate (-99 - -102) + -7 + 2 + -4.
-6
What is the value of 57 - (34 + -33 + 36)?
20
What is 21 + -17 + -8 + -16 + -2?
-22
What is the value of 7 - ((-21 - -42) + -27) - -15?
28
What is -5 - ((-5 - 4) + 7 + 0) - 0?
-3
What is (-10 + 15 - 12) + (-1 - -14)?
6
What is the value of -19 + 5 + 4 + 2?
-8
Evaluate -505 + 485 + (42 - 1).
21
Calculate 1 + 9 - (6 - (10 + -19)).
-5
What is the value of -18 - (-19 - 2) - (7 + (0 - 2))?
-2
What is the value of -13 + (5 - 2 - -5) + -6?
-11
Evaluate 4 + -1 - ((7 - 39) + 36).
-1
Evaluate (17 - 47) + -51 + 87.
6
Evaluate (685 - 681) + (-1 - 3).
0
Calculate 11 + 23 + -7 + -23.
4
What is 59 - (1 + 4) - (56 - 39)?
37
Evaluate -16 - (-19 + 2 + 32).
-31
(83 - 74) + -9 + 2 + -3
-1
What is 5 - 1 - -2 - (-3 + (12 - 12))?
9
What is the value of -23 - (10 - 75) - (-3 + 18)?
27
Calculate -17 - -11 - -4 - (-3 + 6 + 26).
-31
What is 1 + -11 - -5 - (-4 - (22 + -4))?
17
What is the value of 20 - 1 - (394 - 393)?
18
Calculate (-10 - (-4 + -3 + 8)) + (7 - 4).
-8
Calculate -9 - (-20 + 2) - -3.
12
-15 + (24 - ((-10 - -17) + 0))
2
(-86 - -90) + -4 + (-1 - -3)
2
What is the value of (-6 - -30) + 3 + 2 + 3 + -10?
22
Evaluate (20 + 8 + -19 - 6) + 1 + 27.
31
Evaluate (-2 - 9) + -3 + (4 - -2) + 29.
21
What is 42 + 18 + -45 + -23?
-8
What is 1 - 12 - (44 - 44)?
-11
What is the value of (4 - 0) + -6 + (3 - -5) + -8?
-2
Evaluate 225 + -218 - (-1 - (-3 - -1) - 18).
24
(-14 - 2) + 58 + -40
2
Calculate -28 - (11 - 41) - 32.
-30
(22 - (13 + 5)) + 16
20
What is -25 - 0 - (4 + -40)?
11
Calculate -147 + 130 - (0 + 2 + -1 - 0).
-18
What is 2 - 0 - (-24 + 40)?
-14
What is the value of 8 - (3 - (0 + 1 + -2 - -3))?
7
-36 + 1 + -50 + 19 + 6 + 27
-33
What is (5 + 7 - -8 - 10) + 6?
16
What is -10 + 0 - (9 + (9 - 25) + 10)?
-13
Calculate (-3 - 4) + (14 + -6 - -27) - 9.
19
Calculate 1 + -2 + 6 + -12 + 1 + 16.
10
2 + 7 + 0 + 2 + 11
22
What is the value of -3 + (-12 - -11) + 1 + 1?
-2
4 + -2 + -5 + (22 - 28)
-9
Evaluate -37 - (-2 - (-15 + 21)).
-29
-461 + 460 - ((1 - 0 - 0) + -21)
19
-2 + (-16 - (-2 - 6)) + (31 - 5)
16
Evaluate -4 - (5 + (-11 + 11 - 8)).
-1
What is -15 - (-17 + -15 + 23) - -1?
-5
What is the value of -22 + -9 + (11 - (-10 - -7))?
-17
Calculate 15 + -10 + 12 + -9 + -2 + 1.
7
Evaluate (29 - 19) + (-18 - 1).
-9
Evaluate 15 - (-22 + 34 + 6).
-3
-257 + 245 - (-3 + 7 + -2)
-14
What is -17 + -3 + 26 + -14?
-8
What is the value of (22 - (51 - 21)) + 5?
-3
Evaluate 3 - (3 - -1 - (-15 - -14)) - -9.
7
Calculate 4 - (-6 - -19 - 6).
-3
What is the value of -14 - (52 + -92 - (-1 - -2))?
27
What is 3 + (8 - 5) + (-3 - 3) + 2?
2
What is (15 - 54 - -18) + 16 + -2?
-7
Evaluate -18 - (-4 + (27 - 9) + -9).
-23
(-2 - -3 - 0 - 20) + 44 + -38
-13
What is (-4 - -5) + (1 - 0) + -3 + -3?
-4
-10 + -3 + (9 - 10) - 0
-14
Evaluate 2 + -20 + 12 + 28 - (9 + -2).
15
What is -4 + (-3 - (-6 - -1) - -2) + -2?
-2
What is -5 - ((10 - 12) + (11 - 4))?
-10
0 - (-4 + 1 + -17 + 27 + -10)
3
What is the value of 14 + -11 + 8 + -12 + (2 - -1)?
2
Calculate 28 + -13 + 1 - 6.
10
15 - (-17 + 6 + 38)
-12
4 + 4 + -117 + 82
-27
What is the value of -2 + -10 - (8 + -9 + -5)?
-6
Calculate 20 + -41 + 45 + -2 + -12.
10
Calculate 0 - -16 - (4 - 4 - -8).
8
What is 3 - (-5 - (-15 + -2 + 8 + 5))?
4
What is the value of (0 + -2 - 3) + 51 + -55?
-9
Calculate (1 - (4 + (4 - (-3 - -15)))) + -12.
-7
Calculate 21 + -11 + (-37 - -21).
-6
(2 - (-2 - -3)) + (-42 - (-20 + -36))
15
What is the value of -8 - (15 + -26 + 1)?
2
What is 0 - (11 + -1) - (2794 + -2782)?
-22
What is -42 - (-91 + 60) - (-6 + -2)?
-3
Calculate 0 + 10 - (3 + 42 + -30).
-5
What is -17 - -12 - (0 + -3 - (-1 + 7))?
4
(1 - -3) + (-11 + 4 - -7)
4
17 - (25 + (-16 - -1) - 13)
20
What is the value of -13 - -1 - (-9 + 11 - -3)?
-17
Calculate 18 + -13 - (-3 + 10 + -14).
12
What is (-463 - -442) + 37 + -1?
15
What is the value of -2 - 21 - (-1072 + 1065)?
-16
(-1 - (-11 - -1)) + -12 + 42 + -33
6
What is the value of -2 + -5 + (4 - (1 + 1))?
-5
-17 - (-12 + 23 - 33)
5
0 - -2 - 0 - (-57 + 71)
-12
Calculate (78 - (-98 - -184)) + (0 - (-36 - 1)).
29
Evaluate -6 + (12 - 9) + 2 + 2.
1
Calculate 3 + 3 + 3 + 1.
10
Calculate 64 + -25 + -17 - 48.
-26
Calculate 1 - (1 + -1 - 9 - -9).
1
(-21 - 17) + 3 + (7 - -8)
-20
Calculate (14 - 2 - (17 + 14)) + -3.
-22
Evaluate (12 - 4) + (-1 - (1 - -3)) + -10.
-7
(1 - ((5 - 7) + -2 - 0)) + -1
4
Evaluate -7 + (-2 - 1 - (3 - 1 - 9)).
-3
5 + (-17 - (2 + (-2 - 7))) + -3
-8
Calculate 8 - (-5 + 26 - (3 + 5)) - 21.
-26
What is -14 + 16 + 3 + -9 - (-1 + 0)?
-3
What is 4 - (9 + 9 + -19)?
5
27 - (15 + 2) - (10 + 0)
0
Calculate 23 + (13 + -4 + 3 - 12).
23
What is (-6 - -9) + (2 - -2) + -121 + 125?
11
21 + 18 + -36 + -14
-11
Calculate 15 + -19 + 6 + -8.
-6
What is the value of (-6 - -6 - 6) + 7 - 2?
-1
Evaluate -11 + 2 + -2 - (-9 + -21 + 26).
-7
Evaluate -1 + 1 + -1 - (-4 + 14 + -1).
-10
What is the value of -20 + (24 - -21) - 24?
1
Calculate 1 - 11 - (-10 - -5 - -8).
-13
What is (1 - -55) + (-1311 - -1282)?
27
What is the value of 20 - ((8 - 29) + 21)?
20
What is (-125 - -125) + 15 + 0 - (0 + 0)?
15
What is (-7 - 15) + (17 - 1 - 6) + -5?
-17
What is the value of (18 - (-74 - -55)) + (-4 - 1)?
32
What is the value of 21 + (5 - 9) + -3 + 8 + -8?
14
-40 - (-18 - 6) - (-7 + 1)
-10
What is ((2 - 2) + -1 - (19 + -7)) + 3?
-10
Calculate 5 + (-3 - (-1 + (-11 - -10 - 5))).
9
Evaluate 12 + 1 - (59 + -138 + 81).
11
Evaluate -175 + 174 + (2 - (-2 - 6)).
9
Evaluate 32 + -6 + -14 + -6.
6
What is (6 - (-4 + 4 + 0)) + (13 - 13)?
6
What is (-49 - -42) + 2 + 2?
-3
Calculate 4120 - 4102 - (13 - (1 + 0)).
6
(24 - 7) + 4 + -9
12
What is 2 - (14 + -15) - 9 - (-21 + 1)?
14
Evaluate -25 + (16 - 2 - (-17 + 20)).
-14
(-4 - -2) + 8 + -10 + 43 + -11
28
2 + (-6 - -9) - -2 - (3 - 15)
19
Calculate (-8 - (3 - 3)) + 14 - 4.
2
Calculate -42 + 42 + -27 - -15.
-12
Evaluate 0 + -7 + -11 + 8 + (-9 - 0).
-19
Calculate (13 - 10) + (-9 - -10).
4
What is the value of (4 - 1) + (36 - -35) + -52?
22
4 - (14 - (-9 - -9))
-10
Calculate -112 + 122 + ((-2 - 1) + -2 - 0).
5
-11 + (-8 - -15) + -9 + -7
-20
Evaluate -4 + -1 - (1 + -6).
0
What is the value of 12 + -7 - 0 - (3 + 21 - 3)?
-16
Evaluate -5 + 20 + -16 - (8 - 8).
-1
3 + ((-3 - -2) + -6 - (15 - -2))
-21
What is the value of 7 - (6 + (-7 - ((11 - 10) + -6)))?
3
-5 - (-11 + (20 - 7) + -19)
12
What is 107 + -117 + (-1 + 4 - -9)?
2
Evaluate -1 + 7 + (-12 - -3 - -5).
2
Evaluate (-1 - 4) + (-30 - -29).
-6
Evaluate (-4 - 7 - -11 - 9) + 18 - -5.
14
898 + -868 + -25 + -3
2
What is the value of 8 + (-13 - -10) + (-5 - 3)?
-3
Calculate 16 + 1 + -5 + -15.
-3
Calculate (-3 + 11 - (-1 - -3)) + -10 + 3.
-1
What is 1 + 22 + -1213 + 1193?
3
What is the value of 37 - 11 - 8 - 27?
-9
Evaluate -51 - -53 - (10 + -3 + 2).
-7
What is (-1 - 3) + -20 + 39 + -19?
-4
Calculate (0 - (-20 - -13)) + -9.
-2
What is the value of (-17 - 4 - -19) + 14 + (-1 - -3)?
14
(10 - 17) + (11 - -3) + -7
0
What is -12 + (12 - (8 - (-8 - -15) - -3))?
-4
Calculate (-10 - 0) + -6 - (19 - 33).
-2
What is the value of -16 + (-4 - (-21 + 18))?
-17
Evaluate 18 + (-10 - (-3 + 2) - -2).
11
Calculate -16 - (-68 + 62 - (-4 - (-3 + 3))).
-14
11 + 5 + (-39 - -10)
-13
Calculate 1 + 7 - (27 + -37) - -19.
37
What is -17 - (-4 + 2 + -5) - -7?
-3
Calculate 41 + ((-6 - -8) + 5 + -15 - 3).
30
What is -42 + -2 + (85 - 73) - -14?
-18
What is the value of -31 + (10 - ((10 - 16) + 4))?
-19
-11 - (-3 + 6) - (48 - 73)
11
What is the value of (2 - 9 - (-12 - -21 - 17)) + -15?
-14
Evaluate -5 - (11 - (25 - 27)).
-18
Calculate 117 + 32 + -133 - (1 + -1 + 4).
12
Calculate 0 - (3 + -5) - -6 - (-2 - 6).
16
2 + (2 - 0 - 6) - (435 + -427)
-10
13 - 11 - 14 - -1
-11
Calculate (-15 + 26 + (0 - 4) - 8) + 2.
1
What is the value of -1 - (0 - -1) - (11 + (-18 - -4))?
1
Calculate -171 + 166 + 7 + 1 + 1.
4
Calculate 2 + 9 + 3 + 4 + -8.
10
Calculate 2 + (30 + -34 - (1 - (9 + 0))).
6
What is the value of 38 + (-5 - -11 - 24)?
20
Calculate -1 + (-2 - -5) - ((2 - -2) + 2).
-4
What is -4 + -1 - -1 - (-17 + 9 - 3)?
7
What is (23 + 1 - (12 - 18 - -10)) + -5?
15
Evaluate (